{"id":62562,"date":"2026-01-26T23:08:38","date_gmt":"2026-01-26T23:08:38","guid":{"rendered":"https:\/\/santakoblues.com\/fest\/?post_type=tribe_events&#038;p=62562"},"modified":"2026-02-11T16:47:48","modified_gmt":"2026-02-11T16:47:48","slug":"cruce-de-caminos-y-vinyl-blues-exposicio-de-isabel-pardo","status":"publish","type":"tribe_events","link":"https:\/\/santakoblues.com\/fest\/evento\/cruce-de-caminos-y-vinyl-blues-exposicio-de-isabel-pardo\/","title":{"rendered":"Cruce de caminos y Vinyl Blues. Exposici\u00f3 de Isabel Pardo"},"content":{"rendered":"<div class=\"page\" title=\"Page 1\">\n<div class=\"section\">\n<div class=\"layoutArea\">\n<div class=\"column\">\n<p><strong>Cruce de caminos y Vinyl Blues<\/strong><\/p>\n<p>Exposici\u00f3 de Isabel Pardo<br \/>\nDijous 19 de febrero 2026 a las 18:00h<br \/>\nCentre de Cultura Contempor\u00e0nia Can Sister\u00e9<\/p>\n<p><strong>Isabel Pardo Arenas<\/strong><br \/>\nArtista multidisciplinar, Licenciada en Bellas Artes por la Universidad Complutense de Madrid (2012). Desde el inicio de su carrera profesional su obra ha estado ligada a la m\u00fasica, ya se tratara de fotograf\u00eda, instalaciones o piezas audiovisuales, hasta que finalmente en 2016 inaugur\u00f3 su primera exposici\u00f3n de pintura Blues Jazz Retratos. Desde entonces la m\u00fasica, y m\u00e1s concretamente el Blues, ha sido la ra\u00edz fundamental y el motivo de la mayor parte de sus exposiciones: New Orleans Mardi Grass (2018), Retratos de Nuestro Blues (2021), Cruce de Caminos: La senda del Blues (2023), Blues Sideral (2024) son algunas de sus series, con las que ha colaborado en eventos con la Sociedad de Blues de Madrid, Moratalaz Blues Factory, el Cicle Blues&amp;Boogie L\u00b4Hospitalet de Llobregat, o el Seminario de Blues en Espa\u00f1a de la UC3M, en el que lleva participando como artista y ponente desde su primera edici\u00f3n en el 2022 (\u201cSynesthesic Blues: Trazo de doce compases. Apuntes de dibujo a trav\u00e9s de la escena\u201d, \u201cT\u00e9cnica y materia: La trinchera del arte\u201d, \u201cEl Blues en el c\u00f3mic\u201d (junto a Manuel L\u00f3pez Poy), \u201cBlues en vinilo: La importancia del soporte\u201d). Al margen de las exposiciones, el hecho de dibujar a m\u00fasicos de Blues en directo en conciertos y festivales la llev\u00f3 a realizar portadas para singles y \u00e1lbumes, as\u00ed como a participar en el programa de radio de Eugenio Moir\u00f3n Blanco y Negro creando piezas audiovisuales para algunos de sus episodios. Actualmente trabaja ampliando la serie de retratos Vinyl Blues, en la que experimenta con distintos procedimientos y t\u00e9cnicas utilizando como soporte discos de vinilo, y componiendo una nueva muestra en la que exponer los dibujos y pinturas realizados al pie de los escenarios.<\/p>\n<\/div>\n<\/div>\n<\/div>\n<\/div>\n","protected":false},"excerpt":{"rendered":"<p>Cruce de caminos y Vinyl Blues. Exposicio\u0301 de Isabel Pardo. Centre de Cultura Contempora\u0300nia Can Sistere\u0301<\/p>\n","protected":false},"author":1,"featured_media":62652,"template":"","meta":{"_seopress_robots_primary_cat":"","_seopress_titles_title":"Cruce de caminos y Vinyl Blues. Exposicio\u0301 de Isabel Pardo.","_seopress_titles_desc":"Centre de Cultura Contempora\u0300nia Can Sistere\u0301","_seopress_robots_index":"","_tribe_events_status":"","_tribe_events_status_reason":"","footnotes":""},"tags":[321],"tribe_events_cat":[339,288],"class_list":["post-62562","tribe_events","type-tribe_events","status-publish","has-post-thumbnail","hentry","tag-exposicionfotografica","tribe_events_cat-339","tribe_events_cat-exposicion","cat_2026","cat_exposicion"],"_links":{"self":[{"href":"https:\/\/santakoblues.com\/fest\/wp-json\/wp\/v2\/tribe_events\/62562","targetHints":{"allow":["GET"]}}],"collection":[{"href":"https:\/\/santakoblues.com\/fest\/wp-json\/wp\/v2\/tribe_events"}],"about":[{"href":"https:\/\/santakoblues.com\/fest\/wp-json\/wp\/v2\/types\/tribe_events"}],"author":[{"embeddable":true,"href":"https:\/\/santakoblues.com\/fest\/wp-json\/wp\/v2\/users\/1"}],"version-history":[{"count":6,"href":"https:\/\/santakoblues.com\/fest\/wp-json\/wp\/v2\/tribe_events\/62562\/revisions"}],"predecessor-version":[{"id":62744,"href":"https:\/\/santakoblues.com\/fest\/wp-json\/wp\/v2\/tribe_events\/62562\/revisions\/62744"}],"wp:featuredmedia":[{"embeddable":true,"href":"https:\/\/santakoblues.com\/fest\/wp-json\/wp\/v2\/media\/62652"}],"wp:attachment":[{"href":"https:\/\/santakoblues.com\/fest\/wp-json\/wp\/v2\/media?parent=62562"}],"wp:term":[{"taxonomy":"post_tag","embeddable":true,"href":"https:\/\/santakoblues.com\/fest\/wp-json\/wp\/v2\/tags?post=62562"},{"taxonomy":"tribe_events_cat","embeddable":true,"href":"https:\/\/santakoblues.com\/fest\/wp-json\/wp\/v2\/tribe_events_cat?post=62562"}],"curies":[{"name":"wp","href":"https:\/\/api.w.org\/{rel}","templated":true}]}}

Cruce de caminos y Vinyl Blues. Exposició de Isabel Pardo

<div class="page" title="Page 1">
<div class="section">
<div class="layoutArea">
<div class="column">
<p><strong>Cruce de caminos y Vinyl Blues</strong></p>
<p>Exposició de Isabel Pardo<br />
Dijous 19 de febrero 2026 a las 18:00h<br />
Centre de Cultura Contemporània Can Sisteré</p>
<p><strong>Isabel Pardo Arenas</strong><br />
Artista multidisciplinar, Licenciada en Bellas Artes por la Universidad Complutense de Madrid (2012). Desde el inicio de su carrera profesional su obra ha estado ligada a la música, ya se tratara de fotografía, instalaciones o piezas audiovisuales, hasta que finalmente en 2016 inauguró su primera exposición de pintura Blues Jazz Retratos. Desde entonces la música, y más concretamente el Blues, ha sido la raíz fundamental y el motivo de la mayor parte de sus exposiciones: New Orleans Mardi Grass (2018), Retratos de Nuestro Blues (2021), Cruce de Caminos: La senda del Blues (2023), Blues Sideral (2024) son algunas de sus series, con las que ha colaborado en eventos con la Sociedad de Blues de Madrid, Moratalaz Blues Factory, el Cicle Blues&amp;Boogie L´Hospitalet de Llobregat, o el Seminario de Blues en España de la UC3M, en el que lleva participando como artista y ponente desde su primera edición en el 2022 (“Synesthesic Blues: Trazo de doce compases. Apuntes de dibujo a través de la escena”, “Técnica y materia: La trinchera del arte”, “El Blues en el cómic” (junto a Manuel López Poy), “Blues en vinilo: La importancia del soporte”). Al margen de las exposiciones, el hecho de dibujar a músicos de Blues en directo en conciertos y festivales la llevó a realizar portadas para singles y álbumes, así como a participar en el programa de radio de Eugenio Moirón Blanco y Negro creando piezas audiovisuales para algunos de sus episodios. Actualmente trabaja ampliando la serie de retratos Vinyl Blues, en la que experimenta con distintos procedimientos y técnicas utilizando como soporte discos de vinilo, y componiendo una nueva muestra en la que exponer los dibujos y pinturas realizados al pie de los escenarios.</p>
</div>
</div>
</div>
</div>
