{"id":61654,"date":"2025-01-07T19:45:09","date_gmt":"2025-01-07T19:45:09","guid":{"rendered":"https:\/\/santakoblues.com\/fest\/?post_type=cpt_team&#038;p=61654"},"modified":"2026-01-16T22:32:07","modified_gmt":"2026-01-16T22:32:07","slug":"doc-the-mads","status":"publish","type":"cpt_team","link":"https:\/\/santakoblues.com\/fest\/team\/doc-the-mads\/","title":{"rendered":"Doc &#038; The Mads"},"content":{"rendered":"\t\t<div data-elementor-type=\"wp-post\" data-elementor-id=\"61654\" class=\"elementor elementor-61654\">\n\t\t\t\t\t\t<section class=\"elementor-section elementor-top-section elementor-element elementor-element-775dbae5 elementor-section-boxed elementor-section-height-default elementor-section-height-default sc_fly_static\" data-id=\"775dbae5\" data-element_type=\"section\" data-e-type=\"section\">\n\t\t\t\t\t\t<div class=\"elementor-container elementor-column-gap-extended\">\n\t\t\t\t\t<div class=\"elementor-column elementor-col-100 elementor-top-column elementor-element elementor-element-d6f28d2 sc_content_align_inherit sc_layouts_column_icons_position_left sc_fly_static\" data-id=\"d6f28d2\" data-element_type=\"column\" data-e-type=\"column\">\n\t\t\t<div class=\"elementor-widget-wrap\">\n\t\t\t\t\t\t\t<\/div>\n\t\t<\/div>\n\t\t\t\t\t<\/div>\n\t\t<\/section>\n\t\t\t\t<section class=\"elementor-section elementor-top-section elementor-element elementor-element-022ca66 elementor-section-boxed elementor-section-height-default elementor-section-height-default sc_fly_static\" data-id=\"022ca66\" data-element_type=\"section\" data-e-type=\"section\">\n\t\t\t\t\t\t<div class=\"elementor-container elementor-column-gap-extended\">\n\t\t\t\t\t<div class=\"elementor-column elementor-col-100 elementor-top-column elementor-element elementor-element-cc43aa9 sc_content_align_inherit sc_layouts_column_icons_position_left sc_fly_static\" data-id=\"cc43aa9\" data-element_type=\"column\" data-e-type=\"column\">\n\t\t\t<div class=\"elementor-widget-wrap elementor-element-populated\">\n\t\t\t\t\t\t<div class=\"elementor-element elementor-element-5a73013 sc_fly_static elementor-widget elementor-widget-text-editor\" data-id=\"5a73013\" data-element_type=\"widget\" data-e-type=\"widget\" data-widget_type=\"text-editor.default\">\n\t\t\t\t<div class=\"elementor-widget-container\">\n\t\t\t\t\t\t\t\t\t<p class=\"p1\"><strong>Doc &amp; the Mads<\/strong> es una banda de rock \u2019n\u2019 roll nacida como proyecto personal de Andreu Ros, pianista y compositor con una s\u00f3lida trayectoria en distintos grupos de la escena barcelonesa. La banda surge con la voluntad de desarrollar una propuesta propia, fiel al esp\u00edritu cl\u00e1sico del g\u00e9nero, pero con una mirada actual.<br \/>Su sonido bebe del rock \u2019n\u2019 roll de los a\u00f1os 50 y 60 y de la sofisticaci\u00f3n mel\u00f3dica que el estilo fue adquiriendo con el paso del tiempo, combinando inmediatez, groove y personalidad.<br \/>Aunque las referencias son claras, Doc &amp;amp; the Mads se presentan como una banda contempor\u00e1nea, con un lenguaje propio y reconocible. En el verano de 2020 entran en el estudio para grabar doce canciones originales que ver\u00edan la luz en noviembre de 2022 en su \u00e1lbum debut, \u201cDoc &amp;amp; the Mads\u201d, producido por Mike Mariconda y Marc Tena. En 2025 vuelven<br \/>a grabar, esta vez bajo la producci\u00f3n de Dani Nel\u00b7lo, dando forma a un nuevo EP titulado \u201cBelieve It Or Not\u201d, publicado, al igual que su debut, por el sello Buenritmo.<br \/>El directo es uno de los pilares del grupo: un show s\u00f3lido y vibrante que combina la fuerza del rock \u2019n\u2019 roll cl\u00e1sico con una identidad propia y actual. Su repertorio alterna composiciones originales con versiones reinterpretadas con personalidad y cuidado por el detalle.<br \/>La formaci\u00f3n la completan Javier Cort\u00e9s al contrabajo (Los Torontos), Wilco van Eijk a la bater\u00eda (The Fuzillis), C\u00e9sar Canut a la guitarra (The Sick Boys) y el propio Andreu Ros al piano y la voz, con el objetivo de conectar con el p\u00fablico desde el primer comp\u00e1s y convertir cada concierto en una experiencia intensa, bailable y memorable.<\/p>\t\t\t\t\t\t\t\t<\/div>\n\t\t\t\t<\/div>\n\t\t\t\t\t<\/div>\n\t\t<\/div>\n\t\t\t\t\t<\/div>\n\t\t<\/section>\n\t\t\t\t<section class=\"elementor-section elementor-top-section elementor-element elementor-element-92537d0 elementor-section-boxed elementor-section-height-default elementor-section-height-default sc_fly_static\" data-id=\"92537d0\" data-element_type=\"section\" data-e-type=\"section\">\n\t\t\t\t\t\t<div class=\"elementor-container elementor-column-gap-extended\">\n\t\t\t\t\t<div class=\"elementor-column elementor-col-100 elementor-top-column elementor-element elementor-element-65692d4 sc_content_align_inherit sc_layouts_column_icons_position_left sc_fly_static\" data-id=\"65692d4\" data-element_type=\"column\" data-e-type=\"column\">\n\t\t\t<div class=\"elementor-widget-wrap elementor-element-populated\">\n\t\t\t\t\t\t<div class=\"elementor-element elementor-element-353452a sc_fly_static elementor-widget elementor-widget-video\" data-id=\"353452a\" data-element_type=\"widget\" data-e-type=\"widget\" data-settings=\"{&quot;youtube_url&quot;:&quot;https:\\\/\\\/youtu.be\\\/DX4NhR4Hab8?si=bHN8Peh8TMYTCld5 &quot;,&quot;video_type&quot;:&quot;youtube&quot;,&quot;controls&quot;:&quot;yes&quot;}\" data-widget_type=\"video.default\">\n\t\t\t\t<div class=\"elementor-widget-container\">\n\t\t\t\t\t\t\t<div class=\"elementor-wrapper elementor-open-inline\">\n\t\t\t<div class=\"elementor-video\"><\/div>\t\t<\/div>\n\t\t\t\t\t\t<\/div>\n\t\t\t\t<\/div>\n\t\t\t\t\t<\/div>\n\t\t<\/div>\n\t\t\t\t\t<\/div>\n\t\t<\/section>\n\t\t\t\t<\/div>\n\t\t","protected":false},"excerpt":{"rendered":"<p>Doc &amp; the Mads es una banda de rock \u2019n\u2019 roll nacida como proyecto personal de Andreu Ros, pianista y compositor con una s\u00f3lida trayectoria en distintos grupos de la escena barcelonesa.<\/p>\n","protected":false},"author":1,"featured_media":62451,"comment_status":"closed","ping_status":"closed","template":"","cpt_team_group":[258],"class_list":["post-61654","cpt_team","type-cpt_team","status-publish","has-post-thumbnail","hentry","cpt_team_group-artistas-teatro"],"_links":{"self":[{"href":"https:\/\/santakoblues.com\/fest\/wp-json\/wp\/v2\/cpt_team\/61654","targetHints":{"allow":["GET"]}}],"collection":[{"href":"https:\/\/santakoblues.com\/fest\/wp-json\/wp\/v2\/cpt_team"}],"about":[{"href":"https:\/\/santakoblues.com\/fest\/wp-json\/wp\/v2\/types\/cpt_team"}],"author":[{"embeddable":true,"href":"https:\/\/santakoblues.com\/fest\/wp-json\/wp\/v2\/users\/1"}],"replies":[{"embeddable":true,"href":"https:\/\/santakoblues.com\/fest\/wp-json\/wp\/v2\/comments?post=61654"}],"version-history":[{"count":19,"href":"https:\/\/santakoblues.com\/fest\/wp-json\/wp\/v2\/cpt_team\/61654\/revisions"}],"predecessor-version":[{"id":62458,"href":"https:\/\/santakoblues.com\/fest\/wp-json\/wp\/v2\/cpt_team\/61654\/revisions\/62458"}],"wp:featuredmedia":[{"embeddable":true,"href":"https:\/\/santakoblues.com\/fest\/wp-json\/wp\/v2\/media\/62451"}],"wp:attachment":[{"href":"https:\/\/santakoblues.com\/fest\/wp-json\/wp\/v2\/media?parent=61654"}],"wp:term":[{"taxonomy":"cpt_team_group","embeddable":true,"href":"https:\/\/santakoblues.com\/fest\/wp-json\/wp\/v2\/cpt_team_group?post=61654"}],"curies":[{"name":"wp","href":"https:\/\/api.w.org\/{rel}","templated":true}]}}

<div data-elementor-type="wp-post" data-elementor-id="61654" class="elementor elementor-61654">
						<section class="elementor-section elementor-top-section elementor-element elementor-element-775dbae5 elementor-section-boxed elementor-section-height-default elementor-section-height-default sc_fly_static" data-id="775dbae5" data-element_type="section" data-e-type="section">
						<div class="elementor-container elementor-column-gap-extended">
					<div class="elementor-column elementor-col-100 elementor-top-column elementor-element elementor-element-d6f28d2 sc_content_align_inherit sc_layouts_column_icons_position_left sc_fly_static" data-id="d6f28d2" data-element_type="column" data-e-type="column">
			<div class="elementor-widget-wrap">
							</div>
		</div>
					</div>
		</section>
				<section class="elementor-section elementor-top-section elementor-element elementor-element-022ca66 elementor-section-boxed elementor-section-height-default elementor-section-height-default sc_fly_static" data-id="022ca66" data-element_type="section" data-e-type="section">
						<div class="elementor-container elementor-column-gap-extended">
					<div class="elementor-column elementor-col-100 elementor-top-column elementor-element elementor-element-cc43aa9 sc_content_align_inherit sc_layouts_column_icons_position_left sc_fly_static" data-id="cc43aa9" data-element_type="column" data-e-type="column">
			<div class="elementor-widget-wrap elementor-element-populated">
						<div class="elementor-element elementor-element-5a73013 sc_fly_static elementor-widget elementor-widget-text-editor" data-id="5a73013" data-element_type="widget" data-e-type="widget" data-widget_type="text-editor.default">
				<div class="elementor-widget-container">
									<p class="p1"><strong>Doc &amp; the Mads</strong> es una banda de rock ’n’ roll nacida como proyecto personal de Andreu Ros, pianista y compositor con una sólida trayectoria en distintos grupos de la escena barcelonesa. La banda surge con la voluntad de desarrollar una propuesta propia, fiel al espíritu clásico del género, pero con una mirada actual.<br />Su sonido bebe del rock ’n’ roll de los años 50 y 60 y de la sofisticación melódica que el estilo fue adquiriendo con el paso del tiempo, combinando inmediatez, groove y personalidad.<br />Aunque las referencias son claras, Doc &amp;amp; the Mads se presentan como una banda contemporánea, con un lenguaje propio y reconocible. En el verano de 2020 entran en el estudio para grabar doce canciones originales que verían la luz en noviembre de 2022 en su álbum debut, “Doc &amp;amp; the Mads”, producido por Mike Mariconda y Marc Tena. En 2025 vuelven<br />a grabar, esta vez bajo la producción de Dani Nel·lo, dando forma a un nuevo EP titulado “Believe It Or Not”, publicado, al igual que su debut, por el sello Buenritmo.<br />El directo es uno de los pilares del grupo: un show sólido y vibrante que combina la fuerza del rock ’n’ roll clásico con una identidad propia y actual. Su repertorio alterna composiciones originales con versiones reinterpretadas con personalidad y cuidado por el detalle.<br />La formación la completan Javier Cortés al contrabajo (Los Torontos), Wilco van Eijk a la batería (The Fuzillis), César Canut a la guitarra (The Sick Boys) y el propio Andreu Ros al piano y la voz, con el objetivo de conectar con el público desde el primer compás y convertir cada concierto en una experiencia intensa, bailable y memorable.</p>								</div>
				</div>
					</div>
		</div>
					</div>
		</section>
				<section class="elementor-section elementor-top-section elementor-element elementor-element-92537d0 elementor-section-boxed elementor-section-height-default elementor-section-height-default sc_fly_static" data-id="92537d0" data-element_type="section" data-e-type="section">
						<div class="elementor-container elementor-column-gap-extended">
					<div class="elementor-column elementor-col-100 elementor-top-column elementor-element elementor-element-65692d4 sc_content_align_inherit sc_layouts_column_icons_position_left sc_fly_static" data-id="65692d4" data-element_type="column" data-e-type="column">
			<div class="elementor-widget-wrap elementor-element-populated">
						<div class="elementor-element elementor-element-353452a sc_fly_static elementor-widget elementor-widget-video" data-id="353452a" data-element_type="widget" data-e-type="widget" data-settings="{&quot;youtube_url&quot;:&quot;https:\/\/youtu.be\/DX4NhR4Hab8?si=bHN8Peh8TMYTCld5 &quot;,&quot;video_type&quot;:&quot;youtube&quot;,&quot;controls&quot;:&quot;yes&quot;}" data-widget_type="video.default">
				<div class="elementor-widget-container">
							<div class="elementor-wrapper elementor-open-inline">
			<div class="elementor-video"></div>		</div>
						</div>
				</div>
					</div>
		</div>
					</div>
		</section>
				</div>

<p>Doc &amp; the Mads es una banda de rock ’n’ roll nacida como proyecto personal de Andreu Ros, pianista y compositor con una sólida trayectoria en distintos grupos de la escena barcelonesa.</p>
